 14?
7
Let o be (0 + 4)*5/2. Let y(j) = -j + 2*j + 0*j + 3 - 2*j. Let z be y(-7). Calculate the greatest common divisor of o and z.
10
Suppose 80 - 280 = -5*w. What is the highest common factor of 100 and w?
20
Let n be (6/(-4))/((-12)/64). Calculate the highest common factor of n and 80.
8
Suppose 0 = -3*c + 5*m + 1, -2*c - 5 = -5*c + m. Suppose 0 = 4*o - 2*o + 3*s - 303, 309 = c*o - 3*s. Calculate the highest common factor of 17 and o.
17
Suppose 0 = 6*p - 6. What is the highest common factor of 5 and p?
1
Let k(m) = -4*m**2 + 14*m - 7. Let a be k(10). Let x = -142 - a. Let w(z) = 2*z**2 + 3*z + 5. Let u be w(-4). What is the greatest common factor of u and x?
25
Let j(w) be the second derivative of w**3/3 - w**2 + w. Suppose 9 = 2*d + d. Let a be j(d). Calculate the greatest common factor of 36 and a.
4
Let t(r) = r - 9. Let u(x) = -2*x + 26. Let v(k) = -17*t(k) - 6*u(k). Let f be v(-5). What is the highest common divisor of 11 and f?
11
Suppose -38 = -4*j + 130. Suppose 3 = -5*i + 33. Calculate the highest common factor of i and j.
6
Suppose 4*w - 627 = 201. Calculate the highest common divisor of 23 and w.
23
Suppose 70*x - 73*x + 180 = 0. Calculate the greatest common divisor of x and 45.
15
Let t(q) = -6*q + 27. Let p be t(-6). What is the greatest common divisor of 18 and p?
9
Let u(s) = -s**3 - 4*s**2 - 4*s + 2. Let w be u(-4). Let q be (-1)/(0 + 1/(-6)). Let j be (16/3)/(q/81). What is the highest common divisor of j and w?
18
Let l(y) = 24*y**2 - 5*y - 6. Let r be l(-2). Calculate the greatest common divisor of r and 20.
20
Let n(x) = -x**2 - 6*x + 3. Let g be n(-5). Calculate the highest common divisor of g and 88.
8
Let v = 1 + -1. Suppose u - 4 - 4 = v. Let t be -1 - (-2)/6 - 8/(-3). Calculate the highest common divisor of t and u.
2
Let z(c) = c**3 + 6*c**2 + 5*c + 2. Let v be z(-5). Let x = v - -8. Calculate the greatest common factor of 50 and x.
10
Let b be (-2)/(-7) - (-576)/42. Suppose 0*t + 38 = 4*t + 2*i, 0 = t + 5*i - b. What is the highest common divisor of t and 3?
3
Suppose 21 + 4 = 5*x. Let s(p) = p**3 - 5*p**2 + 3*p - 10. Let q be s(5). What is the highest common divisor of x and q?
5
Let x(j) = -82*j + 2. Let p be x(-1). What is the highest common divisor of p and 21?
21
Let h = 21 + -29. Let l be ((-26)/(-4))/(5/(-10)). Let s = h - l. Calculate the greatest common divisor of 30 and s.
5
Suppose 3*s - 8 = -2*q, s = 6*s + 3*q - 15. Let r be 12*(-3 - (-26)/s). Calculate the greatest common factor of 48 and r.
16
Let a be (-4)/(-6)*-3 - -64. Let u(j) = -27*j - 3. Let m be u(-2). Suppose 3*y + r - a = -3*r, m = 4*y - r. What is the highest common factor of y and 14?
14
Let x be (28/(-10))/((-6)/30). Calculate the highest common factor of 35 and x.
7
Suppose 0 = -2*g + 4*o + 16, 4*o = 4*g + 6*o - 62. Let k(t) = t**2 + t + 98. Let n be k(0). Calculate the greatest common divisor of g and n.
14
Suppose -d - 4*p - 4 = 1, 5*d - 2*p - 41 = 0. Let n = 13 - d. Suppose 3*z + 0 + 12 = 0, -4*c + z = -52. What is the greatest common factor of n and c?
6
Let d = -15 - -11. Let t = d - -4. Suppose t = 5*w - 138 - 42. What is the highest common divisor of 54 and w?
18
Let b = -37 - -38. Calculate the greatest common factor of b and 9.
1
Suppose -5*u - 20 = 0, 4*b + 5*u + 18 = 86. Let h be 261/6 - (-1)/2. Calculate the highest common divisor of b and h.
22
Suppose -2*b + 38 = 4*c, -4*c + 17 = 4*b - 51. Let f = -42 - -57. What is the greatest common factor of b and f?
15
Let l = 24 + 163. Let r = -3 - -5. Let y be (r - -15)*(-2)/(-2). Calculate the highest common factor of y and l.
17
Let s = 20 - -36. Calculate the highest common factor of 8 and s.
8
Suppose -2*u = 5*v - 54, -u - 158 = -6*u - v. Calculate the greatest common divisor of 8 and u.
8
Let i(u) = 4*u**2 - 3*u + 3. Let o be i(-3). Suppose 0 = -j + o + 47. Calculate the greatest common divisor of j and 38.
19
Suppose -4*t = -2*t. Suppose t = -2*q - q - 6. Let l be 9 + 3/(q + 5). What is the greatest common factor of 80 and l?
10
Suppose -3*p + 8*p = -4*a + 38, p - a - 4 = 0. What is the highest common divisor of 42 and p?
6
Let r = 129 + -54. Calculate the greatest common divisor of r and 15.
15
Suppose 9*p - 254 = 43. What is the highest common factor of 297 and p?
33
Let p = 81 - 55. What is the greatest common divisor of 286 and p?
26
Let x(t) = 2*t + 29. Let q be x(-13). Calculate the greatest common factor of q and 4.
1
Suppose 0 = 3*k - 166 + 19. Let o(t) = 2*t**2 - 4*t + 1. Let m be o(3). What is the greatest common factor of k and m?
7
Let p be 4*4*5/10. Let a be p/4*(-28)/(-1). Calculate the greatest common factor of a and 7.
7
Let r be 2/(-14) + 66/21. What is the greatest common divisor of 3 and r?
3
Let z = -1 + 1. Suppose -16 = 5*d - 5*h + 14, z = d - 2*h + 5. Let b(a) = -24*a + 2. Let j be b(d). Calculate the highest common factor of 17 and j.
17
Let b = -527 - -761. Calculate the greatest common divisor of 26 and b.
26
Let m be 2*1/2 - (4 + -14). Let s(k) = -2*k + 63*k**2 + 59*k**2 + 3*k. Let w be s(-1). Calculate the highest common factor of m and w.
11
Let t(k) = -k**3 + k - 18. Let z be t(0). Suppose 3*s + 2*s - 150 = 0. Let d = z + s. Calculate the highest common divisor of d and 18.
6
Let n = -3 - -5. Let j = -1 + n. Calculate the greatest common factor of 1 and j.
1
Suppose -3*y + y = -16. Let l(o) = -o**3 + 8*o**2 + 4. Let h be l(y). Let g be 5/15 + 59/3. Calculate the highest common factor of g and h.
4
Let u be 8/(-28) - 1266/(-21). Calculate the greatest common divisor of u and 15.
15
Suppose 0 = -3*j - 0*j. Suppose -4*w + j*p + 3*p = 224, -p - 112 = 2*w. Let c be 2 + w/(-1*2). Calculate the highest common divisor of c and 15.
15
Let o = 5 + 4. What is the highest common factor of o and 9?
9
Let h(r) = -r**3 - 11*r**2 + 5*r + 6. Let i be h(-12). What is the highest common divisor of 60 and i?
30
Let x be 1 - (1 + -278) - 2. Suppose -z = -9 - x. Suppose -4*g + g = -z. What is the highest common divisor of g and 38?
19
Let i be (1/2)/((-3)/(-192)). Suppose 0 = -q + 3*v - 95, 309 = -q - 2*q + v. Let k = -56 - q. What is the greatest common factor of i and k?
16
Let u be 7/42 + (-838)/(-12). What is the greatest common factor of u and 7?
7
Suppose -2*z = -3*q + 24, -12*z = -2*q - 7*z + 5. What is the highest common divisor of q and 6?
2
Let i = -8 - -20. Suppose r + 1 = i. Suppose -66 = -6*m + 3*m. What is the highest common factor of r and m?
11
Suppose 0 = 4*l, -o - 2*l + 5 = -19. Let q(f) = f**3 - f**2 + 2. Let u be 2 - (2/(-1) + 2). Let r be q(u). What is the greatest common divisor of r and o?
6
Suppose 33 = 3*j + 2*n, 4*n - 5*n - 44 = -4*j. Let t = 9 + 68. Calculate the greatest common divisor of t and j.
11
Let b(c) = -4*c - 6. Let s(x) = 2*x - 1. Let r be s(-2). Let v be b(r). Calculate the highest common factor of v and 21.
7
Suppose -90 = -7*l + 85. What is the greatest common divisor of l and 125?
25
Let t = 8 + -7. What is the greatest common divisor of 5 and t?
1
Suppose 0*y + y = 144. Calculate the highest common divisor of 18 and y.
18
Let s = 35 - 21. Suppose -c - c = -70. Calculate the greatest common divisor of s and c.
7
Let f be 3 + (1 - -6 - -2). What is the highest common factor of 3 and f?
3
Let b be ((-36)/(-5))/((-4)/(-10)). Calculate the greatest common factor of 18 and b.
18
Let t = 346 - 148. What is the highest common factor of 18 and t?
18
Suppose 3*w - 15 = -u + 4, 2*u + 2*w = 26. Suppose 4*i = -16, -2*n + 148 = -2*i - u. Calculate the greatest common factor of n and 30.
15
Let m(y) = y**3 - 2*y**2 + 3*y + 1. Let q be m(4). What is the highest common divisor of 5 and q?
5
Let x(o) = -3*o**3 - 5*o**2 + 2*o + 13. Let k be x(-4). What is the highest common factor of k and 26?
13
Let l = -21 + 22. Calculate the greatest common divisor of 1 and l.
1
Suppose 3*g - 4*t = -3*t + 63, 2*t = -2*g + 42. What is the greatest common divisor of 28 and g?
7
Let k(z) = 9*z**2 + z - 2. Let t be k(-3). Suppose 4*v - 185 = -v. Let j = 56 - v. What is the highest common divisor of t and j?
19
Suppose 5*p = 16 + 54. Let r = -8 + p. Calculate the greatest common divisor of 3 and r.
3
Suppose -3*s = -5*s + 208. What is the greatest common factor of s and 13?
13
Let y(x) be the second derivative of x**5/20 + 5*x**4/4 + 3*x**2 - 2*x. Let u be y(